= 46 - 51. Is h(n) a prime number?
False
Suppose -508114 = -2*b - 2*b - 2*w, b - 127036 = -3*w. Is b composite?
True
Suppose -24*h = -23*h - 5. Let k be 9/(2*h/530). Let x = k + -182. Is x a composite number?
True
Suppose 34*u = -2*s + 36*u + 2666330, 5*u = -s + 1333189. Is s composite?
False
Suppose -4*w + 10 = -6, -w = d + 5. Let s be (-11806)/d - 11/(99/(-2)). Is 2/5 + -4 + s/20 a prime number?
False
Let o = 28685 - -46278. Is o a composite number?
True
Let g(t) = 5*t. Let f be g(6). Let l be 16/120 + 56/f. Suppose 4*s - 2819 = s + l*o, 0 = -5*s + o + 4703. Is s a composite number?
False
Suppose 7*x = 50 + 97. Let o be (9*1/(-2))/(2/4). Is o/x - 36526/(-49) composite?
True
Let i = -163 - -166. Suppose -9*p + 7*p - i*s = -1787, 0 = 4*p - 4*s - 3544. Is p prime?
False
Let j(w) = 84*w**2 - 8*w - 43. Suppose -3*c = -49*d + 52*d - 30, 4 = d + 4*c. Is j(d) prime?
False
Let k = -521 + 558. Suppose -54*v = -k*v - 244817. Is v composite?
False
Suppose 16213 = w - 4*m, 2*w + 3*m + 48648 = 5*w. Is w a prime number?
True
Let b be (0 + 4)*(-1970)/5. Let p = 282 - b. Is p a prime number?
False
Let r(u) = 3752*u**3 - 2*u**2 - 5*u - 6. Let a(j) = 3753*j**3 - 2*j**2 - 5*j - 5. Let g(p) = -3*a(p) + 2*r(p). Is g(-1) prime?
False
Let d = -2006 - -2009. Suppose -36 = 2*k - 930. Is d*k/6*2 a composite number?
True
Let u be -6*(56/(-12) + 4). Suppose -3*z = -6, -u*z = q + q + 6600. Is (q/(-16) - 3)/((-2)/(-4)) prime?
False
Suppose -k = 4*k - 5*n + 290, 0 = 5*n. Let q = 63 + k. Let i(y) = 60*y - 9. Is i(q) composite?
True
Suppose -8*r + 44 = -20. Let k(q) = -q - 1. Let o(i) = -5*i**2 + 8*i - 7. Let l(x) = 5*k(x) - o(x). Is l(r) composite?
True
Let l = -162 + 145. Is ((-5)/(-3))/(l/(-52581)) a composite number?
True
Let q(x) = -x**2 + 5*x - 2. Let s be q(4). Suppose -9 = -3*p, -s*f - 167 = -0*p + 3*p. Let g = f + 155. Is g a prime number?
True
Is ((-5)/(350/310394))/(2/(-10)) a prime number?
True
Let s(c) = 0*c - 1 + 27 + 5 + c. Is s(-5) a prime number?
False
Let v = 103 + -105. Let p be 130/(-52) + 383/v. Let z = 595 + p. Is z a composite number?
False
Let o(k) = 138268*k**2 + 57*k + 7. Is o(-1) a prime number?
False
Let j be -3 - 15146*(0 + -2). Is (1/(-1))/((-7)/j) prime?
True
Let z(o) = 1350*o**2 - 4*o - 1. Let x be z(-4). Let h = x - 12906. Is h a composite number?
True
Let m be 7 + (8/2 - 9). Suppose 5*s + 10 = 0, -29*w + m*s - 5104 = -33*w. Is w composite?
False
Suppose -2*y + 3*c + 55 = 0, 0 = c + 14 - 9. Let r(h) = -8*h + 25. Let x be r(-4). Let z = x + y. Is z a prime number?
False
Suppose 0*n - 51282178 = 5*n - 43*n. Is n a composite number?
False
Suppose -2*u + 6 = -7*p + 11*p, 3*p - 3*u = 18. Let b(y) = 1538*y - 31. Is b(p) a composite number?
False
Is ((-4)/(-2) + 5832)*(-23 + 1260/40) a prime number?
False
Let h be ((-216872)/12)/(1*3/(-9)). Suppose -2*y - 2*p = -27100, h = -5*y + 9*y - 2*p. Is y prime?
True
Let l = -4624 - 45076. Let z(j) = -5*j**2 + 14*j + 12. Let y be z(8). Is l/y - (-6)/14 a composite number?
True
Suppose -u + 387285 = 3*i, 80*u - 81*u = 0. Is i a prime number?
False
Let c = 375 + -379. Is (-7)/28*c - 112072/(-4) prime?
True
Is (879224/(-8))/((-7)/119) prime?
False
Suppose 5*i = -9 + 29. Suppose i*r - r - 22 = 2*x, r = -4*x - 16. Is r/(-20) - (-36)/5 composite?
False
Let b be 2 - (-5)/6 - (-52)/312. Let d(i) = 564*i + 55. Is d(b) composite?
False
Let w = -41 - -45. Suppose 12 + w = 4*g, -574 = -5*f + 4*g. Suppose -b - f + 1289 = 0. Is b composite?
False
Let m = 205 - 145. Suppose -2*d = -8*d + m. Suppose 17*y - d*y - 1561 = 0. Is y composite?
False
Let m = 105 + -103. Suppose m*u - 461 = -r, -2*u + 600 - 2494 = -4*r. Suppose -2*h = n - 2655, 2*n = -5*h + r + 4841. Is n a composite number?
True
Let c(b) = b**2 + 18*b + 63. Let q be c(-11). Is ((-7)/q)/((-3)/(-5322)) a composite number?
False
Suppose 5*h - 10 = 0, 2614 = 2*o + 4*h - h. Suppose -d = 3*d - o. Suppose -3*q - d = -5*q. Is q a prime number?
True
Let x(i) = 5*i**2 - 49*i - 142. Let l be x(38). Is -2 + 5/(-2)*-2 + l a composite number?
True
Let m(w) = -25*w - 6. Let l be m(-4). Suppose -2*p - 3*k = 194, -11*k + 485 = -5*p - 6*k. Let t = l - p. Is t a composite number?
False
Let g(u) = 198*u**2 - 91*u - 1249. Is g(-14) composite?
False
Let f(s) = -1 + 612*s**2 - 41*s + 11*s + 14*s + 12*s. Is f(-3) prime?
True
Let c = 18 - 17. Suppose 3*r - 29 = -5*p, 5*r + c = -3*p + 7*p. Suppose -285 = r*x - 2574. Is x a prime number?
False
Suppose -20966 = -3*y + 2*v, 4*y + 4*v + 34940 = 9*y. Let m = 9042 - 5741. Let l = y - m. Is l a prime number?
True
Let h = -389257 + 1071398. Is h a composite number?
False
Let c(f) = 175051*f + 3316. Is c(3) a prime number?
True
Let a = 1817 - -132. Is a a composite number?
False
Let p(b) = 191*b - 64. Let n be p(44). Let u = -3017 + n. Is u prime?
True
Let k(j) = -54*j**3 + 16*j**2 + 54*j - 5. Is k(-7) a prime number?
False
Suppose 32004 + 4345 = l - 34. Is l composite?
False
Let d(l) = l**3 + 17*l**2 - 39*l - 15. Let f be d(-19). Suppose 4*o + 0*o - 46 = -3*c, 5*c + 20 = 3*o. Suppose f*q = o*q - 4986. Is q a prime number?
False
Let b = 1221 - 177. Let i be (-1)/(-1) + b + 1. Suppose 21*o + i = 23*o. Is o composite?
False
Let h = 75703 + 107958. Is h a composite number?
False
Let q(o) = -291*o**2 - 4*o - 53. Let t be q(9). Let c = t - -41377. Is c a prime number?
False
Suppose 0*p = 10*p. Suppose -9*r + 145101 + 235788 = p. Is r a prime number?
False
Let t = -217 + 217. Suppose 0 = 4*u - t*u - 18884. Is u a prime number?
True
Let r(i) = -15*i**2 - 6*i + 10. Let y be r(-7). Let k be y/((-1)/(-3) - 44/99). Suppose 0 = -2*u + 11*u - k. Is u a prime number?
True
Let j(o) = -o**3 - 7*o**2 - 8*o + 7. Let y be j(-5). Let s(h) = 2*h**2 + 6*h + 6. Let b be s(y). Is ((-27)/b - -2)*246/(-5) prime?
False
Let a(u) = u - 20. Let j be a(15). Let k = 10 + j. Suppose -k*f + 262 = -4*q - 537, 0 = -5*f + q + 811. Is f composite?
False
Suppose 15*y + 15488 = 201818. Let s = 26679 - y. Is s prime?
False
Suppose -296 - 860 = -d. Suppose 4*q = -l + 11 + 1515, 3*q - d = 5*l. Is q prime?
False
Suppose 4*u - f - 1386796 - 1246159 = 0, f + 658244 = u. Is u a prime number?
False
Let c(a) = -a + 8. Let v be -2 + 16/9 - (-38)/9. Let s be c(v). Is -2 + 466 + s/2 composite?
True
Let o(u) = -u - 14. Let t be o(-7). Is 0 + -6 + t + 1790 a prime number?
True
Let a(k) = 44*k**2 + 12*k + 5. Let x = -56 - -47. Let p be (-57)/x + (-2)/6. Is a(p) a composite number?
True
Suppose 0 = 3*u + 2*u + 10. Let h be u/4 - (-85)/34. Suppose -3*g = h*o + 440 - 2363, 0 = -g + 4*o + 641. Is g composite?
False
Let b = 82 + -63. Suppose p + b = 3*o, -3*p = -3 - 3. Let q(w) = w**3 - 5*w**2 + 3*w + 2. Is q(o) composite?
True
Suppose 5*u - 3*u = -5*j - 203, -3*u + 3*j - 273 = 0. Let v = -92 - u. Suppose 5*h + 1957 = 2*z + v*h, -5*z = h - 4884. Is z a prime number?
True
Suppose -297 = 5*c - 292. Let i(r) = 55305*r**2 - 8*r. Is i(c) prime?
True
Let n(m) = -17375*m + 112. Is n(-3) composite?
False
Let i = 117710 + -61263. Is i a prime number?
False
Suppose 51 + 41 = 23*y. Suppose y*l - 7*l = -6693. Is l composite?
True
Let k(g) be the second derivative of g**3/2 + 11*g**2/2 - 23*g. Let u be k(2). Suppose 0 = -15*l + u*l - 574. Is l a composite number?
True
Is 12/(-138) - 30364466/(-46) prime?
True
Let g be (-7)/(-28) + (-47)/(-4). Suppose 0*v - 2*v - g = 0. Let o(x) = -x**3 + 2*x**2 + 4*x - 7. Is o(v) a composite number?
False
Let p = -655382 + 920533. Is p composite?
False
Let b be ((-84)/(-18))/(6/198). Is ((-88)/b)/(4/(-2422)) a composite number?
True
Let g(d) = 11*d**3 + 13*d + 12*d**3 + 11 - 19*d - 8*d**2 + 11*d. Is g(6) prime?
True
Suppose 13*o = 450961 + 31319 + 2392397. Is o prime?
False
Let v(p) = p. Let f(h) = -19 - 21 + 30 + 605*h. Let d(l) = f(l) - 4*v(l). Is d(5) a prime number?
False
Suppose -3243*q + 3247*q = -1655180. Is 10/80 + q/(-40) prime?
False
Let d = 13165 + -7660. Suppose -d = -9*w + 4*w. Let z = -706 + w. Is z prime?
False
Let u(y) = 5*y**2 - 76*y + 39. Let h(r) = r**2 - 11*r - 26. Let j be h(-4). Is u(j) composite?
True
Let s = -56405 + 232782. Is s prime?
False
Suppose 4*z - 50 = -22. Suppose 4*g + 4*b = -640, -2*g - 2*b + 807 = -z*g. Let p = g + 250. Is p a prime number?
True
Let d = -40874 - -62427. Is d a composite number?
True
Is ((-205681)/(-35))/(-3 - 48/(-15)) a prime nu